{"id":214,"date":"2025-06-04T21:18:31","date_gmt":"2025-06-05T00:18:31","guid":{"rendered":"https:\/\/lojacognitivo.f5one.com\/index.php\/product\/esp-terapia-cognitivo-comportamental-carga-horaria-370h-modulo-start\/"},"modified":"2025-06-04T21:18:32","modified_gmt":"2025-06-05T00:18:32","slug":"esp-terapia-cognitivo-comportamental-carga-horaria-370h-modulo-start","status":"publish","type":"product","link":"https:\/\/lojacognitivo.f5one.com\/index.php\/product\/esp-terapia-cognitivo-comportamental-carga-horaria-370h-modulo-start\/","title":{"rendered":"Esp. Terapia Cognitivo-Comportamental [carga hor\u00e1ria: 370h &#8211; M\u00f3dulo: Start]"},"content":{"rendered":"<p>Curso de Especializa\u00e7\u00e3o em Terapia Cognitivo-Comportamental. Carga hor\u00e1ria de 370 horas no M\u00f3dulo: Start.<\/p>\n","protected":false},"excerpt":{"rendered":"<p>Curso de Especializa\u00e7\u00e3o em Terapia Cognitivo-Comportamental.<\/p>\n","protected":false},"featured_media":122,"template":"","meta":{"_surecart_dashboard_logo_width":"180px","_surecart_dashboard_show_logo":true,"_surecart_dashboard_navigation_orders":true,"_surecart_dashboard_navigation_invoices":true,"_surecart_dashboard_navigation_subscriptions":true,"_surecart_dashboard_navigation_downloads":true,"_surecart_dashboard_navigation_billing":true,"_surecart_dashboard_navigation_account":true,"_uag_custom_page_level_css":"","site-sidebar-layout":"default","site-content-layout":"","ast-site-content-layout":"","site-content-style":"default","site-sidebar-style":"default","ast-global-header-display":"","ast-banner-title-visibility":"","ast-main-header-display":"","ast-hfb-above-header-display":"","ast-hfb-below-header-display":"","ast-hfb-mobile-header-display":"","site-post-title":"","ast-breadcrumbs-content":"","ast-featured-img":"","footer-sml-layout":"","theme-transparent-header-meta":"","adv-header-id-meta":"","stick-header-meta":"","header-above-stick-meta":"","header-main-stick-meta":"","header-below-stick-meta":"","astra-migrate-meta-layouts":"default","ast-page-background-enabled":"default","ast-page-background-meta":{"desktop":{"background-color":"var(--ast-global-color-4)","background-image":"","background-repeat":"repeat","background-position":"center center","background-size":"auto","background-attachment":"scroll","background-type":"","background-media":"","overlay-type":"","overlay-color":"","overlay-opacity":"","overlay-gradient":""},"tablet":{"background-color":"","background-image":"","background-repeat":"repeat","background-position":"center center","background-size":"auto","background-attachment":"scroll","background-type":"","background-media":"","overlay-type":"","overlay-color":"","overlay-opacity":"","overlay-gradient":""},"mobile":{"background-color":"","background-image":"","background-repeat":"repeat","background-position":"center center","background-size":"auto","background-attachment":"scroll","background-type":"","background-media":"","overlay-type":"","overlay-color":"","overlay-opacity":"","overlay-gradient":""}},"ast-content-background-meta":{"desktop":{"background-color":"var(--ast-global-color-5)","background-image":"","background-repeat":"repeat","background-position":"center center","background-size":"auto","background-attachment":"scroll","background-type":"","background-media":"","overlay-type":"","overlay-color":"","overlay-opacity":"","overlay-gradient":""},"tablet":{"background-color":"var(--ast-global-color-5)","background-image":"","background-repeat":"repeat","background-position":"center center","background-size":"auto","background-attachment":"scroll","background-type":"","background-media":"","overlay-type":"","overlay-color":"","overlay-opacity":"","overlay-gradient":""},"mobile":{"background-color":"var(--ast-global-color-5)","background-image":"","background-repeat":"repeat","background-position":"center center","background-size":"auto","background-attachment":"scroll","background-type":"","background-media":"","overlay-type":"","overlay-color":"","overlay-opacity":"","overlay-gradient":""}}},"product_brand":[],"product_cat":[22,23],"product_tag":[],"class_list":{"0":"post-214","1":"product","2":"type-product","3":"status-publish","4":"has-post-thumbnail","6":"product_cat-especializacao","7":"product_cat-terapia-cognitivo-comportamental","8":"desktop-align-left","9":"tablet-align-left","10":"mobile-align-left","12":"first","13":"instock","14":"virtual","15":"purchasable","16":"product-type-simple"},"yoast_head":"<!-- This site is optimized with the Yoast SEO plugin v24.9 - https:\/\/yoast.com\/wordpress\/plugins\/seo\/ -->\n<title>Esp. Terapia Cognitivo-Comportamental [carga hor\u00e1ria: 370h - M\u00f3dulo: Start] -<\/title>\n<meta name=\"robots\" content=\"index, follow, max-snippet:-1, max-image-preview:large, max-video-preview:-1\" \/>\n<link rel=\"canonical\" href=\"https:\/\/lojacognitivo.f5one.com\/index.php\/product\/esp-terapia-cognitivo-comportamental-carga-horaria-370h-modulo-start\/\" \/>\n<meta property=\"og:locale\" content=\"en_US\" \/>\n<meta property=\"og:type\" content=\"article\" \/>\n<meta property=\"og:title\" content=\"Esp. Terapia Cognitivo-Comportamental [carga hor\u00e1ria: 370h - M\u00f3dulo: Start] -\" \/>\n<meta property=\"og:description\" content=\"Curso de Especializa\u00e7\u00e3o em Terapia Cognitivo-Comportamental.\" \/>\n<meta property=\"og:url\" content=\"https:\/\/lojacognitivo.f5one.com\/index.php\/product\/esp-terapia-cognitivo-comportamental-carga-horaria-370h-modulo-start\/\" \/>\n<meta property=\"article:modified_time\" content=\"2025-06-05T00:18:32+00:00\" \/>\n<meta name=\"twitter:card\" content=\"summary_large_image\" \/>\n<script type=\"application\/ld+json\" class=\"yoast-schema-graph\">{\"@context\":\"https:\/\/schema.org\",\"@graph\":[{\"@type\":\"WebPage\",\"@id\":\"https:\/\/lojacognitivo.f5one.com\/index.php\/product\/esp-terapia-cognitivo-comportamental-carga-horaria-370h-modulo-start\/\",\"url\":\"https:\/\/lojacognitivo.f5one.com\/index.php\/product\/esp-terapia-cognitivo-comportamental-carga-horaria-370h-modulo-start\/\",\"name\":\"Esp. Terapia Cognitivo-Comportamental [carga hor\u00e1ria: 370h - M\u00f3dulo: Start] -\",\"isPartOf\":{\"@id\":\"https:\/\/lojacognitivo.f5one.com\/#website\"},\"primaryImageOfPage\":{\"@id\":\"https:\/\/lojacognitivo.f5one.com\/index.php\/product\/esp-terapia-cognitivo-comportamental-carga-horaria-370h-modulo-start\/#primaryimage\"},\"image\":{\"@id\":\"https:\/\/lojacognitivo.f5one.com\/index.php\/product\/esp-terapia-cognitivo-comportamental-carga-horaria-370h-modulo-start\/#primaryimage\"},\"thumbnailUrl\":\"https:\/\/lojacognitivo.f5one.com\/wp-content\/uploads\/2025\/05\/31.jpg\",\"datePublished\":\"2025-06-05T00:18:31+00:00\",\"dateModified\":\"2025-06-05T00:18:32+00:00\",\"breadcrumb\":{\"@id\":\"https:\/\/lojacognitivo.f5one.com\/index.php\/product\/esp-terapia-cognitivo-comportamental-carga-horaria-370h-modulo-start\/#breadcrumb\"},\"inLanguage\":\"en-US\",\"potentialAction\":[{\"@type\":\"ReadAction\",\"target\":[\"https:\/\/lojacognitivo.f5one.com\/index.php\/product\/esp-terapia-cognitivo-comportamental-carga-horaria-370h-modulo-start\/\"]}]},{\"@type\":\"ImageObject\",\"inLanguage\":\"en-US\",\"@id\":\"https:\/\/lojacognitivo.f5one.com\/index.php\/product\/esp-terapia-cognitivo-comportamental-carga-horaria-370h-modulo-start\/#primaryimage\",\"url\":\"https:\/\/lojacognitivo.f5one.com\/wp-content\/uploads\/2025\/05\/31.jpg\",\"contentUrl\":\"https:\/\/lojacognitivo.f5one.com\/wp-content\/uploads\/2025\/05\/31.jpg\",\"width\":240,\"height\":240},{\"@type\":\"BreadcrumbList\",\"@id\":\"https:\/\/lojacognitivo.f5one.com\/index.php\/product\/esp-terapia-cognitivo-comportamental-carga-horaria-370h-modulo-start\/#breadcrumb\",\"itemListElement\":[{\"@type\":\"ListItem\",\"position\":1,\"name\":\"Home\",\"item\":\"https:\/\/lojacognitivo.f5one.com\/\"},{\"@type\":\"ListItem\",\"position\":2,\"name\":\"Esp. Terapia Cognitivo-Comportamental [carga hor\u00e1ria: 370h &#8211; M\u00f3dulo: Start]\"}]},{\"@type\":\"WebSite\",\"@id\":\"https:\/\/lojacognitivo.f5one.com\/#website\",\"url\":\"https:\/\/lojacognitivo.f5one.com\/\",\"name\":\"\",\"description\":\"\",\"potentialAction\":[{\"@type\":\"SearchAction\",\"target\":{\"@type\":\"EntryPoint\",\"urlTemplate\":\"https:\/\/lojacognitivo.f5one.com\/?s={search_term_string}\"},\"query-input\":{\"@type\":\"PropertyValueSpecification\",\"valueRequired\":true,\"valueName\":\"search_term_string\"}}],\"inLanguage\":\"en-US\"}]}<\/script>\n<!-- \/ Yoast SEO plugin. -->","yoast_head_json":{"title":"Esp. Terapia Cognitivo-Comportamental [carga hor\u00e1ria: 370h - M\u00f3dulo: Start] -","robots":{"index":"index","follow":"follow","max-snippet":"max-snippet:-1","max-image-preview":"max-image-preview:large","max-video-preview":"max-video-preview:-1"},"canonical":"https:\/\/lojacognitivo.f5one.com\/index.php\/product\/esp-terapia-cognitivo-comportamental-carga-horaria-370h-modulo-start\/","og_locale":"en_US","og_type":"article","og_title":"Esp. Terapia Cognitivo-Comportamental [carga hor\u00e1ria: 370h - M\u00f3dulo: Start] -","og_description":"Curso de Especializa\u00e7\u00e3o em Terapia Cognitivo-Comportamental.","og_url":"https:\/\/lojacognitivo.f5one.com\/index.php\/product\/esp-terapia-cognitivo-comportamental-carga-horaria-370h-modulo-start\/","article_modified_time":"2025-06-05T00:18:32+00:00","twitter_card":"summary_large_image","schema":{"@context":"https:\/\/schema.org","@graph":[{"@type":"WebPage","@id":"https:\/\/lojacognitivo.f5one.com\/index.php\/product\/esp-terapia-cognitivo-comportamental-carga-horaria-370h-modulo-start\/","url":"https:\/\/lojacognitivo.f5one.com\/index.php\/product\/esp-terapia-cognitivo-comportamental-carga-horaria-370h-modulo-start\/","name":"Esp. Terapia Cognitivo-Comportamental [carga hor\u00e1ria: 370h - M\u00f3dulo: Start] -","isPartOf":{"@id":"https:\/\/lojacognitivo.f5one.com\/#website"},"primaryImageOfPage":{"@id":"https:\/\/lojacognitivo.f5one.com\/index.php\/product\/esp-terapia-cognitivo-comportamental-carga-horaria-370h-modulo-start\/#primaryimage"},"image":{"@id":"https:\/\/lojacognitivo.f5one.com\/index.php\/product\/esp-terapia-cognitivo-comportamental-carga-horaria-370h-modulo-start\/#primaryimage"},"thumbnailUrl":"https:\/\/lojacognitivo.f5one.com\/wp-content\/uploads\/2025\/05\/31.jpg","datePublished":"2025-06-05T00:18:31+00:00","dateModified":"2025-06-05T00:18:32+00:00","breadcrumb":{"@id":"https:\/\/lojacognitivo.f5one.com\/index.php\/product\/esp-terapia-cognitivo-comportamental-carga-horaria-370h-modulo-start\/#breadcrumb"},"inLanguage":"en-US","potentialAction":[{"@type":"ReadAction","target":["https:\/\/lojacognitivo.f5one.com\/index.php\/product\/esp-terapia-cognitivo-comportamental-carga-horaria-370h-modulo-start\/"]}]},{"@type":"ImageObject","inLanguage":"en-US","@id":"https:\/\/lojacognitivo.f5one.com\/index.php\/product\/esp-terapia-cognitivo-comportamental-carga-horaria-370h-modulo-start\/#primaryimage","url":"https:\/\/lojacognitivo.f5one.com\/wp-content\/uploads\/2025\/05\/31.jpg","contentUrl":"https:\/\/lojacognitivo.f5one.com\/wp-content\/uploads\/2025\/05\/31.jpg","width":240,"height":240},{"@type":"BreadcrumbList","@id":"https:\/\/lojacognitivo.f5one.com\/index.php\/product\/esp-terapia-cognitivo-comportamental-carga-horaria-370h-modulo-start\/#breadcrumb","itemListElement":[{"@type":"ListItem","position":1,"name":"Home","item":"https:\/\/lojacognitivo.f5one.com\/"},{"@type":"ListItem","position":2,"name":"Esp. Terapia Cognitivo-Comportamental [carga hor\u00e1ria: 370h &#8211; M\u00f3dulo: Start]"}]},{"@type":"WebSite","@id":"https:\/\/lojacognitivo.f5one.com\/#website","url":"https:\/\/lojacognitivo.f5one.com\/","name":"","description":"","potentialAction":[{"@type":"SearchAction","target":{"@type":"EntryPoint","urlTemplate":"https:\/\/lojacognitivo.f5one.com\/?s={search_term_string}"},"query-input":{"@type":"PropertyValueSpecification","valueRequired":true,"valueName":"search_term_string"}}],"inLanguage":"en-US"}]}},"uagb_featured_image_src":{"full":["https:\/\/lojacognitivo.f5one.com\/wp-content\/uploads\/2025\/05\/31.jpg",240,240,false],"thumbnail":["https:\/\/lojacognitivo.f5one.com\/wp-content\/uploads\/2025\/05\/31.jpg",150,150,false],"medium":["https:\/\/lojacognitivo.f5one.com\/wp-content\/uploads\/2025\/05\/31.jpg",240,240,false],"medium_large":["https:\/\/lojacognitivo.f5one.com\/wp-content\/uploads\/2025\/05\/31.jpg",240,240,false],"large":["https:\/\/lojacognitivo.f5one.com\/wp-content\/uploads\/2025\/05\/31.jpg",240,240,false],"1536x1536":["https:\/\/lojacognitivo.f5one.com\/wp-content\/uploads\/2025\/05\/31.jpg",240,240,false],"2048x2048":["https:\/\/lojacognitivo.f5one.com\/wp-content\/uploads\/2025\/05\/31.jpg",240,240,false],"woocommerce_thumbnail":["https:\/\/lojacognitivo.f5one.com\/wp-content\/uploads\/2025\/05\/31.jpg",240,240,false],"woocommerce_single":["https:\/\/lojacognitivo.f5one.com\/wp-content\/uploads\/2025\/05\/31.jpg",240,240,false],"woocommerce_gallery_thumbnail":["https:\/\/lojacognitivo.f5one.com\/wp-content\/uploads\/2025\/05\/31.jpg",100,100,false]},"uagb_author_info":{"display_name":"admin","author_link":"https:\/\/lojacognitivo.f5one.com\/index.php\/author\/"},"uagb_comment_info":0,"uagb_excerpt":"Curso de Especializa\u00e7\u00e3o em Terapia Cognitivo-Comportamental.","_links":{"self":[{"href":"https:\/\/lojacognitivo.f5one.com\/index.php\/wp-json\/wp\/v2\/product\/214","targetHints":{"allow":["GET"]}}],"collection":[{"href":"https:\/\/lojacognitivo.f5one.com\/index.php\/wp-json\/wp\/v2\/product"}],"about":[{"href":"https:\/\/lojacognitivo.f5one.com\/index.php\/wp-json\/wp\/v2\/types\/product"}],"wp:featuredmedia":[{"embeddable":true,"href":"https:\/\/lojacognitivo.f5one.com\/index.php\/wp-json\/wp\/v2\/media\/122"}],"wp:attachment":[{"href":"https:\/\/lojacognitivo.f5one.com\/index.php\/wp-json\/wp\/v2\/media?parent=214"}],"wp:term":[{"taxonomy":"product_brand","embeddable":true,"href":"https:\/\/lojacognitivo.f5one.com\/index.php\/wp-json\/wp\/v2\/product_brand?post=214"},{"taxonomy":"product_cat","embeddable":true,"href":"https:\/\/lojacognitivo.f5one.com\/index.php\/wp-json\/wp\/v2\/product_cat?post=214"},{"taxonomy":"product_tag","embeddable":true,"href":"https:\/\/lojacognitivo.f5one.com\/index.php\/wp-json\/wp\/v2\/product_tag?post=214"}],"curies":[{"name":"wp","href":"https:\/\/api.w.org\/{rel}","templated":true}]}}